-2201100221
In base 13, what is 5 - 202294bc?
-202294b7
In base 7, what is -4 - -1005631423?
1005631416
In base 10, what is -78 + 746330?
746252
In base 16, what is 21187 - 9a2?
207e5
In base 2, what is -1101 + 11111110010010110001110?
11111110010010110000001
In base 9, what is 2344316 + -175?
2344131
In base 3, what is 1011000112022000110 - -2?
1011000112022000112
In base 11, what is -193a5 + 3a9?
-18aa7
In base 6, what is 3143542200 - 5?
3143542151
In base 16, what is -a40 + 40d85?
40345
In base 13, what is -476c7 + -1?
-476c8
In base 16, what is 3657 - 19de?
1c79
In base 13, what is -7 + -33830a4?
-33830ab
In base 13, what is -274a3 + -491?
-27964
In base 16, what is a + -98a60?
-98a56
In base 13, what is -3 - -610389?
610386
In base 7, what is 5 - -103566414?
103566422
In base 6, what is -2034543 + -341?
-2035324
In base 15, what is a9 + -71630?
-71576
In base 14, what is 2 - 2c64a78?
-2c64a76
In base 8, what is -2 - -173107517?
173107515
In base 9, what is -2 + -34785836?
-34785838
In base 11, what is -57 - 274902?
-274959
In base 9, what is 5375634 - 2?
5375632
In base 13, what is 22a32 - 879?
22186
In base 16, what is -e0b43a + 5?
-e0b435
In base 13, what is -238058c - -1c?
-2380570
In base 7, what is 245 + -2501342?
-2501064
In base 6, what is 30 + -1442530524?
-1442530454
In base 10, what is -10245844 - -4?
-10245840
In base 11, what is a5 + -1573505?
-1573410
In base 5, what is 1143341111 + 1141?
1143342302
In base 9, what is -171 + 4534?
4353
In base 15, what is -7a3 + -51c3?
-5976
In base 13, what is -60 + 1350cb?
13506b
In base 4, what is 2101222100 + 11?
2101222111
In base 8, what is -1203 + -177023?
-200226
In base 8, what is 3 + 141226531?
141226534
In base 2, what is -10010 - -110111111111101101011111?
110111111111101101001101
In base 16, what is 28fbe6 - -55?
28fc3b
In base 7, what is 45520 - 11341?
34146
In base 12, what is 0 + 19116b77?
19116b77
In base 9, what is -13 - 132515865?
-132515878
In base 7, what is -1201260525 + 0?
-1201260525
In base 10, what is -530 + -15182?
-15712
In base 2, what is 11001000100110000 + -10001111?
11001000010100001
In base 16, what is 4c5 - 2b21?
-265c
In base 15, what is 34a33d - b?
34a332
In base 2, what is -100100 + 11001001000100000111101?
11001001000100000011001
In base 2, what is 11011110 + 10011100011111010?
10011100111011000
In base 4, what is -223110 + 200310130?
200021020
In base 2, what is -11110100111101000111011111 + 11?
-11110100111101000111011100
In base 14, what is 12b696 + 86?
12b73c
In base 16, what is 41 - 2aac00?
-2aabbf
In base 9, what is -170538247 + -2?
-170538250
In base 8, what is 166 + 12632321?
12632507
In base 4, what is 103302110 - -1010?
103303120
In base 3, what is 122111 + -2110020?
-1210202
In base 9, what is 0 + 465256158?
465256158
In base 6, what is 3104434003 + -24?
3104433535
In base 9, what is -128863 + 13?
-128850
In base 8, what is 274 + 2573527?
2574023
In base 16, what is -40d1 + -1f4?
-42c5
In base 10, what is 56 + -40952?
-40896
In base 8, what is 621655 - 1272?
620363
In base 9, what is 1112 + 412715?
413827
In base 15, what is -4 + -2b8541?
-2b8545
In base 12, what is -28ba374 - -2?
-28ba372
In base 7, what is -6 + -2214423?
-2214432
In base 13, what is 4aab215 + -1?
4aab214
In base 3, what is -101 - -100010212120?
100010212012
In base 15, what is 4 - 385cc9?
-385cc5
In base 8, what is -5310 + 3522?
-1566
In base 10, what is 29 - 7143705?
-7143676
In base 8, what is -11675404 + 0?
-11675404
In base 11, what is 350a9 - -356?
35454
In base 5, what is -14101033231 + 10?
-14101033221
In base 10, what is 1057 - -354904?
355961
In base 2, what is -100111101100111 + 10000101?
-100111011100010
In base 12, what is 141 + 793197?
793318
In base 13, what is 434c8 - 327?
431a1
In base 14, what is -3 + 13a4d288?
13a4d285
In base 8, what is -4425473 - 35?
-4425530
In base 2, what is -110000100100001 - 101110010000?
-110110010110001
In base 7, what is 651 - 1015351?
-1014400
In base 4, what is -121100121 + 120123?
-120313332
In base 3, what is 2 + 202122222112110?
202122222112112
In base 4, what is 1 - 1122032322?
-1122032321
In base 9, what is 512187140 + -5?
512187134
In base 13, what is -341a92 - -13?
-341a7c
In base 12, what is a9b97660 + 1?
a9b97661
In base 11, what is 765 + 6553?
7208
In base 5, what is 3110201022 + 42?
3110201114
In base 8, what is -317 + 2125015?
2124476
In base 9, what is 1 - -16652843?
16652844
In base 3, what is -1012202001 - -111102111?
-201022120
In base 8, what is -10 + -11463111?
-11463121
In base 16, what is 3 - 24c9aca?
-24c9ac7
In base 13, what is 14745 + -67?
146ab
In base 16, what is -1dc2 + 11d2?
-bf0
In base 10, what is 585195 + 1229?
586424
In base 3, what is -11022222 - 202211222?
-221011221
In base 2, what is -1000 + -100011001010100011110101011?
-100011001010100011110110011
In base 10, what is -12 - -3701939?
3701927
In base 6, what is -5 - 342151125?
-342151134
In base 16, what is -25 - -7230?
720b
In base 6, what is -3225444 + 14203?
-3211241
In base 2, what is 1000110001 + 101000011101?
110001001110
In base 7, what is -6601 + 40543?
30642
In base 2, what is 1011110 + 1100010110111001101000?
1100010110111011000110
In base 16, what is eda15 - 6?
eda0f
In base 14, what is 4d8 + d9913?
da00b
In base 9, what is -2107 - -5756?
3648
In base 7, what is 531 - -30015?
30546
In base 9, what is 383874 - 16?
383857
In base 5, what is 0 + -223011034204?
-223011034204
In base 11, what is -2 - 8433882?
-8433884
In base 10, what is -35134 - -411?
-34723
In base 9, what is -5 - -4728522?
4728516
In base 10, what is 2 - -7257255?
7257257
In base 9, what is -37807 - 70?
-37877
In base 11, what is -78 - -941745?
941678
In base 4, what is 2003 + -2101023?
-2033020
In base 9, what is -146833 - 1378?
-148322
In base 13, what is 9 - c288567?
-c28855b
In base 4, what is -1033101 - -12302?
-1020133
In base 7, what is 61104553 + 2?
61104555
In base 15, what is 1348 - 4b23?
-37ca
In base 13, what is -6a - 369a1?
-36a3b
In base 5, what is -4331424 + 43314?
-4233110
In base 2, what is 1001101 - 1010101011011101101?
-1010101011010100000
In base 8, what is -345 - 273470?
-274035
In base 12, what is 918 - 322?
5b6
In base 16, what is -32 - -14fd?
14cb
In base 16, what is -2c2c - -131?
-2afb
In base 8, what is 14452651065 + 4?
14452651071
In base 4, what is -13203230131 - -30?
-13203230101
In base 5, what is -1 + -1022334311?
-1022334312
In base 11, what is 291578 - -11?
291589
In base 16, what is -2 - 61b169?
-61b16b
In base 13, what is -1b08a - -232a?
-18a60
In base 15, what is -8 - 162060?
-162068
In base 5, what is 441313023 - -31?
441313104
In base 11, what is 1a11 + 6a6?
2607
In base 13, what is -5 + -18b9b6?
-18b9bb
In base 3, what is 11 - 1121110011111001?
-1121110011110220
In base 5, what is 30 + 222200333?
222200413
In base 9, what is 710012 - -168?
710181
In base 11, what is -51 + -28759?
-287aa
In base 6, what is -2311410103 - -12?
-2311410051
In base 3, what is -122122002022010 - 1?
-122122002022011
In base 6, what is 1153441 + -441?
1153000
In base 7, what is 2304 - 201103?
-165466
In base 7, what is 322 + -451012?
-450360
In base 2, what is -1001010111 - -1101001010011?
1011111111100
In base 4, what is 1000302321 - 12003?
1000230312
In base 5, what is 2122 + -4033231?
-4031104
In base 8, what is -54730655 - -7?
-54730646
In base 16, what is 3 + 169761?
169764
In base 8, what is 2340 - 72745?
-70405
In base 16, what is 29bc + -1bd?
27ff
In base 6, what is -24 - -20343210?
20343142
In base 6, what is -404054 - 30504?
-435002
In base 5, what is -13414321 + -240?
-13420111
In base 6, what is -350441133 - 5?
-350441142
In base 13, what is 192c48 + 9?
192c54
In base 3, what is -20221012 - -1201111?
-12012201
In base 13, what is -28371 - -55?
-28319
In base 16, what is -c + 7a412d?
7a4121
In base 9, what is -447787825 + -3?
-447787828
In base 4, what is -21031331202 + 2332?
-21031322210
In base 11, what is 1 - 49399559?
-49399558
In base 3, what is -10222210 + 110111101211?
110100102001
In base 8, what is 2755763 + -261?
2755502
In base 13, what is -13915 + 217b?
-11767
In base 14, what is 2c8 - 1688?
-13a0
In base 6, what is -2350233521 - -2?
-2350233515
In base 2, what is -1011100011001111010110 - 110000?
-1011100011010000000110
In base